{"id":17,"date":"2024-04-24T17:19:28","date_gmt":"2024-04-24T15:19:28","guid":{"rendered":"https:\/\/www.am-df.fr\/?page_id=17"},"modified":"2024-04-25T09:23:47","modified_gmt":"2024-04-25T07:23:47","slug":"plateaux","status":"publish","type":"page","link":"https:\/\/www.am-df.fr\/index.php\/plateaux\/","title":{"rendered":"Plateaux"},"content":{"rendered":"\n<p><strong>Nos plateaux technique de formation<\/strong><\/p>\n\n\n\n<p>Nous disposons de plateaux technique de haut niveau dans les m\u00e9tiers du b\u00e2timent qui nous donnent de r\u00e9elles possibilit\u00e9s de former nos stagiaires <em>in situe<\/em>. <\/p>\n\n\n\n<figure class=\"wp-block-gallery has-nested-images columns-default is-cropped wp-block-gallery-1 is-layout-flex wp-block-gallery-is-layout-flex\">\n<figure class=\"wp-block-image size-large\"><img loading=\"lazy\" decoding=\"async\" width=\"682\" height=\"1024\" data-id=\"200\" src=\"https:\/\/www.am-df.fr\/wp-content\/uploads\/2024\/04\/IMG_0879-682x1024.png\" alt=\"\" class=\"wp-image-200\" srcset=\"https:\/\/www.am-df.fr\/wp-content\/uploads\/2024\/04\/IMG_0879-682x1024.png 682w, https:\/\/www.am-df.fr\/wp-content\/uploads\/2024\/04\/IMG_0879-200x300.png 200w, https:\/\/www.am-df.fr\/wp-content\/uploads\/2024\/04\/IMG_0879-768x1153.png 768w, https:\/\/www.am-df.fr\/wp-content\/uploads\/2024\/04\/IMG_0879-1023x1536.png 1023w, https:\/\/www.am-df.fr\/wp-content\/uploads\/2024\/04\/IMG_0879-1364x2048.png 1364w\" sizes=\"auto, (max-width: 682px) 100vw, 682px\" \/><\/figure>\n\n\n\n<figure class=\"wp-block-image size-large\"><img loading=\"lazy\" decoding=\"async\" width=\"1024\" height=\"682\" data-id=\"190\" src=\"https:\/\/www.am-df.fr\/wp-content\/uploads\/2024\/04\/IMG_0882-1024x682.jpg\" alt=\"\" class=\"wp-image-190\" srcset=\"https:\/\/www.am-df.fr\/wp-content\/uploads\/2024\/04\/IMG_0882-1024x682.jpg 1024w, https:\/\/www.am-df.fr\/wp-content\/uploads\/2024\/04\/IMG_0882-300x200.jpg 300w, https:\/\/www.am-df.fr\/wp-content\/uploads\/2024\/04\/IMG_0882-768x511.jpg 768w, https:\/\/www.am-df.fr\/wp-content\/uploads\/2024\/04\/IMG_0882-1536x1023.jpg 1536w, https:\/\/www.am-df.fr\/wp-content\/uploads\/2024\/04\/IMG_0882-2048x1364.jpg 2048w\" sizes=\"auto, (max-width: 1024px) 100vw, 1024px\" \/><\/figure>\n\n\n\n<figure class=\"wp-block-image size-large\"><img loading=\"lazy\" decoding=\"async\" width=\"1024\" height=\"682\" data-id=\"194\" src=\"https:\/\/www.am-df.fr\/wp-content\/uploads\/2024\/04\/IMG_0883-1024x682.jpg\" alt=\"\" class=\"wp-image-194\" srcset=\"https:\/\/www.am-df.fr\/wp-content\/uploads\/2024\/04\/IMG_0883-1024x682.jpg 1024w, https:\/\/www.am-df.fr\/wp-content\/uploads\/2024\/04\/IMG_0883-300x200.jpg 300w, https:\/\/www.am-df.fr\/wp-content\/uploads\/2024\/04\/IMG_0883-768x511.jpg 768w, https:\/\/www.am-df.fr\/wp-content\/uploads\/2024\/04\/IMG_0883-1536x1023.jpg 1536w, https:\/\/www.am-df.fr\/wp-content\/uploads\/2024\/04\/IMG_0883-2048x1364.jpg 2048w\" sizes=\"auto, (max-width: 1024px) 100vw, 1024px\" \/><\/figure>\n\n\n\n<figure class=\"wp-block-image size-large\"><img loading=\"lazy\" decoding=\"async\" width=\"1024\" height=\"682\" data-id=\"191\" src=\"https:\/\/www.am-df.fr\/wp-content\/uploads\/2024\/04\/IMG_0884-1024x682.jpg\" alt=\"\" class=\"wp-image-191\" srcset=\"https:\/\/www.am-df.fr\/wp-content\/uploads\/2024\/04\/IMG_0884-1024x682.jpg 1024w, https:\/\/www.am-df.fr\/wp-content\/uploads\/2024\/04\/IMG_0884-300x200.jpg 300w, https:\/\/www.am-df.fr\/wp-content\/uploads\/2024\/04\/IMG_0884-768x511.jpg 768w, https:\/\/www.am-df.fr\/wp-content\/uploads\/2024\/04\/IMG_0884-1536x1023.jpg 1536w, https:\/\/www.am-df.fr\/wp-content\/uploads\/2024\/04\/IMG_0884-2048x1364.jpg 2048w\" sizes=\"auto, (max-width: 1024px) 100vw, 1024px\" \/><\/figure>\n\n\n\n<figure class=\"wp-block-image size-large\"><img loading=\"lazy\" decoding=\"async\" width=\"1024\" height=\"682\" data-id=\"195\" src=\"https:\/\/www.am-df.fr\/wp-content\/uploads\/2024\/04\/IMG_0885-1024x682.jpg\" alt=\"\" class=\"wp-image-195\" srcset=\"https:\/\/www.am-df.fr\/wp-content\/uploads\/2024\/04\/IMG_0885-1024x682.jpg 1024w, https:\/\/www.am-df.fr\/wp-content\/uploads\/2024\/04\/IMG_0885-300x200.jpg 300w, https:\/\/www.am-df.fr\/wp-content\/uploads\/2024\/04\/IMG_0885-768x511.jpg 768w, https:\/\/www.am-df.fr\/wp-content\/uploads\/2024\/04\/IMG_0885-1536x1023.jpg 1536w, https:\/\/www.am-df.fr\/wp-content\/uploads\/2024\/04\/IMG_0885-2048x1364.jpg 2048w\" sizes=\"auto, (max-width: 1024px) 100vw, 1024px\" \/><\/figure>\n\n\n\n<figure class=\"wp-block-image size-large\"><img loading=\"lazy\" decoding=\"async\" width=\"1024\" height=\"682\" data-id=\"196\" src=\"https:\/\/www.am-df.fr\/wp-content\/uploads\/2024\/04\/IMG_0888-1024x682.jpg\" alt=\"\" class=\"wp-image-196\" srcset=\"https:\/\/www.am-df.fr\/wp-content\/uploads\/2024\/04\/IMG_0888-1024x682.jpg 1024w, https:\/\/www.am-df.fr\/wp-content\/uploads\/2024\/04\/IMG_0888-300x200.jpg 300w, https:\/\/www.am-df.fr\/wp-content\/uploads\/2024\/04\/IMG_0888-768x511.jpg 768w, https:\/\/www.am-df.fr\/wp-content\/uploads\/2024\/04\/IMG_0888-1536x1023.jpg 1536w, https:\/\/www.am-df.fr\/wp-content\/uploads\/2024\/04\/IMG_0888-2048x1364.jpg 2048w\" sizes=\"auto, (max-width: 1024px) 100vw, 1024px\" \/><\/figure>\n\n\n\n<figure class=\"wp-block-image size-large\"><img loading=\"lazy\" decoding=\"async\" width=\"1024\" height=\"682\" data-id=\"197\" src=\"https:\/\/www.am-df.fr\/wp-content\/uploads\/2024\/04\/IMG_0893-1024x682.jpg\" alt=\"\" class=\"wp-image-197\" srcset=\"https:\/\/www.am-df.fr\/wp-content\/uploads\/2024\/04\/IMG_0893-1024x682.jpg 1024w, https:\/\/www.am-df.fr\/wp-content\/uploads\/2024\/04\/IMG_0893-300x200.jpg 300w, https:\/\/www.am-df.fr\/wp-content\/uploads\/2024\/04\/IMG_0893-768x511.jpg 768w, https:\/\/www.am-df.fr\/wp-content\/uploads\/2024\/04\/IMG_0893-1536x1023.jpg 1536w, https:\/\/www.am-df.fr\/wp-content\/uploads\/2024\/04\/IMG_0893-2048x1364.jpg 2048w\" sizes=\"auto, (max-width: 1024px) 100vw, 1024px\" \/><\/figure>\n\n\n\n<figure class=\"wp-block-image size-large\"><img loading=\"lazy\" decoding=\"async\" width=\"1024\" height=\"682\" data-id=\"198\" src=\"https:\/\/www.am-df.fr\/wp-content\/uploads\/2024\/04\/IMG_0895-1024x682.jpg\" alt=\"\" class=\"wp-image-198\" srcset=\"https:\/\/www.am-df.fr\/wp-content\/uploads\/2024\/04\/IMG_0895-1024x682.jpg 1024w, https:\/\/www.am-df.fr\/wp-content\/uploads\/2024\/04\/IMG_0895-300x200.jpg 300w, https:\/\/www.am-df.fr\/wp-content\/uploads\/2024\/04\/IMG_0895-768x511.jpg 768w, https:\/\/www.am-df.fr\/wp-content\/uploads\/2024\/04\/IMG_0895-1536x1023.jpg 1536w, https:\/\/www.am-df.fr\/wp-content\/uploads\/2024\/04\/IMG_0895-2048x1364.jpg 2048w\" sizes=\"auto, (max-width: 1024px) 100vw, 1024px\" \/><\/figure>\n\n\n\n<figure class=\"wp-block-image size-large\"><img loading=\"lazy\" decoding=\"async\" width=\"1024\" height=\"682\" data-id=\"192\" src=\"https:\/\/www.am-df.fr\/wp-content\/uploads\/2024\/04\/IMG_0896-1024x682.jpg\" alt=\"\" class=\"wp-image-192\" srcset=\"https:\/\/www.am-df.fr\/wp-content\/uploads\/2024\/04\/IMG_0896-1024x682.jpg 1024w, https:\/\/www.am-df.fr\/wp-content\/uploads\/2024\/04\/IMG_0896-300x200.jpg 300w, https:\/\/www.am-df.fr\/wp-content\/uploads\/2024\/04\/IMG_0896-768x511.jpg 768w, https:\/\/www.am-df.fr\/wp-content\/uploads\/2024\/04\/IMG_0896-1536x1023.jpg 1536w, https:\/\/www.am-df.fr\/wp-content\/uploads\/2024\/04\/IMG_0896-2048x1364.jpg 2048w\" sizes=\"auto, (max-width: 1024px) 100vw, 1024px\" \/><\/figure>\n\n\n\n<figure class=\"wp-block-image size-large\"><img loading=\"lazy\" decoding=\"async\" width=\"1024\" height=\"682\" data-id=\"193\" src=\"https:\/\/www.am-df.fr\/wp-content\/uploads\/2024\/04\/IMG_0897-1024x682.jpg\" alt=\"\" class=\"wp-image-193\" srcset=\"https:\/\/www.am-df.fr\/wp-content\/uploads\/2024\/04\/IMG_0897-1024x682.jpg 1024w, https:\/\/www.am-df.fr\/wp-content\/uploads\/2024\/04\/IMG_0897-300x200.jpg 300w, https:\/\/www.am-df.fr\/wp-content\/uploads\/2024\/04\/IMG_0897-768x511.jpg 768w, https:\/\/www.am-df.fr\/wp-content\/uploads\/2024\/04\/IMG_0897-1536x1023.jpg 1536w, https:\/\/www.am-df.fr\/wp-content\/uploads\/2024\/04\/IMG_0897-2048x1364.jpg 2048w\" sizes=\"auto, (max-width: 1024px) 100vw, 1024px\" \/><\/figure>\n<\/figure>\n","protected":false},"excerpt":{"rendered":"<p>Nos plateaux technique de formation Nous disposons de plateaux technique de haut niveau dans les m\u00e9tiers du b\u00e2timent qui nous donnent de r\u00e9elles possibilit\u00e9s de former nos stagiaires in situe.<\/p>\n","protected":false},"author":1,"featured_media":0,"parent":0,"menu_order":0,"comment_status":"closed","ping_status":"closed","template":"","meta":{"footnotes":""},"class_list":["post-17","page","type-page","status-publish","hentry"],"_links":{"self":[{"href":"https:\/\/www.am-df.fr\/index.php\/wp-json\/wp\/v2\/pages\/17","targetHints":{"allow":["GET"]}}],"collection":[{"href":"https:\/\/www.am-df.fr\/index.php\/wp-json\/wp\/v2\/pages"}],"about":[{"href":"https:\/\/www.am-df.fr\/index.php\/wp-json\/wp\/v2\/types\/page"}],"author":[{"embeddable":true,"href":"https:\/\/www.am-df.fr\/index.php\/wp-json\/wp\/v2\/users\/1"}],"replies":[{"embeddable":true,"href":"https:\/\/www.am-df.fr\/index.php\/wp-json\/wp\/v2\/comments?post=17"}],"version-history":[{"count":3,"href":"https:\/\/www.am-df.fr\/index.php\/wp-json\/wp\/v2\/pages\/17\/revisions"}],"predecessor-version":[{"id":201,"href":"https:\/\/www.am-df.fr\/index.php\/wp-json\/wp\/v2\/pages\/17\/revisions\/201"}],"wp:attachment":[{"href":"https:\/\/www.am-df.fr\/index.php\/wp-json\/wp\/v2\/media?parent=17"}],"curies":[{"name":"wp","href":"https:\/\/api.w.org\/{rel}","templated":true}]}}